a multiple of 58?
True
Is 16 a factor of 6835216?
True
Does 51 divide 58667658?
False
Does 51 divide 250819683?
True
Is 83 a factor of 27140423?
False
Is 708 a factor of 102196267?
False
Is 135220158 a multiple of 54?
True
Is 19576305 a multiple of 21?
True
Does 105 divide 298789260?
True
Is 170227146 a multiple of 1447?
False
Is 73 a factor of 38426539?
False
Is 16472480 a multiple of 16?
True
Is 639 a factor of 699457068?
True
Does 5507 divide 1301430761?
True
Is 1805403459 a multiple of 16?
False
Is 42860391 a multiple of 678?
False
Is 907 a factor of 14502023?
True
Is 15656077 a multiple of 6?
False
Does 10 divide 510764670?
True
Is 447 a factor of 4865168?
False
Is 2633402087 a multiple of 15?
False
Is 17 a factor of 47027118?
False
Is 972358226 a multiple of 14?
True
Does 118 divide 446158?
True
Is 91560898 a multiple of 10?
False
Is 35 a factor of 13125210?
True
Does 1665 divide 369607867?
False
Is 807465570 a multiple of 2155?
True
Is 213 a factor of 236739454?
False
Is 131944786 a multiple of 812?
False
Is 542621304 a multiple of 9?
True
Is 4584250752 a multiple of 13632?
True
Does 5393 divide 185853566?
True
Is 66280614 a multiple of 267?
True
Is 293384499 a multiple of 42?
False
Is 51 a factor of 539656618?
False
Does 4778 divide 1390307218?
True
Is 14583210 a multiple of 1095?
True
Is 24 a factor of 124449077?
False
Is 707 a factor of 155949765?
False
Is 102135720 a multiple of 12?
True
Does 50 divide 2040511054?
False
Is 2251534409 a multiple of 60?
False
Is 147364070 a multiple of 245?
True
Does 2430 divide 102261690?
True
Is 44275350 a multiple of 48?
False
Does 495 divide 887935636?
False
Does 6 divide 28806990?
True
Does 11 divide 160159116?
False
Does 905 divide 3791011?
False
Does 288 divide 13043232?
True
Is 4175500934 a multiple of 9662?
True
Is 1397407685 a multiple of 2284?
False
Is 192730160 a multiple of 121?
False
Is 157 a factor of 556841477?
True
Does 16 divide 131530974?
False
Does 3 divide 4544031?
True
Is 1246765810 a multiple of 1630?
True
Does 6987 divide 872683287?
True
Is 114455968 a multiple of 1054?
True
Is 345219051 a multiple of 18?
False
Is 403 a factor of 844681216?
False
Is 2440494823 a multiple of 221?
True
Does 12 divide 1798116?
True
Is 651290635 a multiple of 536?
False
Does 3243 divide 1156901334?
True
Does 27 divide 478281074?
False
Is 347304888 a multiple of 697?
False
Is 446649900 a multiple of 45?
False
Does 336 divide 74668944?
True
Is 1235 a factor of 6199433240?
True
Is 3318158928 a multiple of 5917?
True
Is 348151716 a multiple of 27?
True
Does 16 divide 62956496?
True
Is 359655526 a multiple of 86?
True
Does 240 divide 89054942?
False
Is 11432085 a multiple of 16?
False
Is 2 a factor of 10061107?
False
Does 136 divide 15873288?
False
Does 2558 divide 178235345?
False
Is 372 a factor of 79747128?
True
Is 12 a factor of 238841772?
True
Does 769 divide 1031507378?
True
Does 9938 divide 1463259491?
False
Is 4700246 a multiple of 8?
False
Does 46 divide 4498818722?
True
Is 152129670 a multiple of 330?
True
Is 26 a factor of 65381524?
True
Does 9 divide 5184901?
False
Is 583250839 a multiple of 1707?
False
Is 851335371 a multiple of 32?
False
Is 157520470 a multiple of 3170?
True
Is 12771000 a multiple of 33?
True
Is 7133197 a multiple of 523?
True
Is 170 a factor of 22683610?
True
Does 20 divide 112709202?
False
Is 12120441 a multiple of 45?
False
Does 151 divide 121971000?
False
Does 2003 divide 32680948?
True
Is 5701630160 a multiple of 17?
False
Does 109 divide 2223706946?
False
Is 2048235 a multiple of 35?
True
Does 1264 divide 43576400?
True
Is 21755304 a multiple of 162?
True
Does 434 divide 399853317?
False
Does 54 divide 813646976?
False
Does 1083 divide 257975994?
False
Does 3 divide 10008910?
False
Is 21 a factor of 619642170?
True
Is 3 a factor of 29146563?
True
Does 1300 divide 28952300?
True
Is 45406800 a multiple of 300?
True
Is 4004425 a multiple of 25?
True
Does 10 divide 177587530?
True
Is 99040840 a multiple of 216?
False
Does 3455 divide 176312105?
True
Is 73054569 a multiple of 8?
False
Is 1099 a factor of 15981618?
False
Does 12 divide 4867404?
True
Is 29946384 a multiple of 136?
True
Does 7832 divide 1621255328?
True
Does 5586 divide 708801954?
True
Does 47 divide 11164662?
True
Is 11 a factor of 14964719?
True
Is 25 a factor of 111334724?
False
Does 203 divide 9457770?
True
Is 180 a factor of 30733895?
False
Is 743815210 a multiple of 7?
False
Is 6130355380 a multiple of 97?
True
Is 2292 a factor of 300671093?
False
Does 7 divide 268581453?
True
Is 14 a factor of 26596150?
True
Does 16 divide 190600660?
False
Is 2688927643 a multiple of 896?
False
Is 688484518 a multiple of 68?
False
Is 61 a factor of 12338946?
False
Is 7211 a factor of 1592494457?
False
Does 2042 divide 1059071528?
False
Does 10 divide 17031169?
False
Does 361 divide 17039452?
False
Is 12659672 a multiple of 451?
False
Is 216776 a multiple of 90?
False
Is 558 a factor of 65081214?
True
Is 317 a factor of 5147949713?
True
Is 4791 a factor of 529913346?
True
Is 182022627 a multiple of 9?
False
Does 51 divide 64905475?
False
Is 51 a factor of 30288822?
False
Does 10 divide 3972117840?
True
Is 79195288 a multiple of 79?
True
Is 123 a factor of 20983185?
True
Is 1343129741 a multiple of 54?
False
Does 1926 divide 65430072?
True
Is 69128946 a multiple of 18?
True
Does 6 divide 513334164?
True
Does 32 divide 81564192?
True
Is 827773510 a multiple of 14?
False
Does 4 divide 310571992?
True
Is 2731631200 a multiple of 25?
True
Is 15 a factor of 47188929?
False
Is 422 a factor of 127775692?
True
Is 1375108026 a multiple of 3909?
False
Does 28 divide 41227340?
True
Is 87 a factor of 97104406?
False
Is 3104 a factor of 152723260?
False
Is 54 a factor of 28288386?
True
Does 157 divide 123420683?
True
Does 40 divide 15694734?
False
Does 1197 divide 10953095?
False
Is 13 a factor of 569007192?
True
Is 60397181 a multiple of 439?
True
Is 88 a factor of 844403296?
True
Is 2740 a factor of 14963646?
False
Does 729 divide 667432863?
False
Is 237 a factor of 45865173?
False
Is 85881756 a multiple of 51?
True
Does 15396 divide 116502624?
False
Does 43 divide 14593985?
True
Is 108 a factor of 31724486?
False
Is 785 a factor of 229309490?
True
Is 727 a factor of 3766587?
True
Does 49 divide 28597968?
True
Does 133 divide 1323893745?
False
Is 910475288 a multiple of 60?
False
Is 1848478320 a multiple of 5950?
False
Does 11 divide 357249717?
True
Does 96 divide 40842589?
False
Is 4 a factor of 3443399?
False
Is 31560217 a multiple of 13?
True
Does 71 divide 3068919?
False
Does 14 divide 4602053?
False
Does 48 divide 409521600?
True
Is 304 a factor of 902251328?
True
Is 31714788 a multiple of 11?
False
Is 52 a factor of 1442670060?
True
Is 4542911 a multiple of 1663?
False
Is 17 a factor of 102258978?
True
Does 340 divide 491929680?
True
Is 75334314 a multiple of 66?
True
Does 565 divide 111371465?
False
Is 104942249 a multiple of 821?
False
Is 2278 a factor of 578916530?
False
Does 120 divide 292395480?
True
Does 51 divide 1258317?
False
Is 2251995883 a multiple of 459?
False
Is 175125829 a multiple of 870?
False
Does 51 divide 3154197?
True
Is 34 a factor of 49462214?
True
Does 69 divide 92198722?
False
Is 1309 a factor of 103977797?
True
Is 119 a factor of 48880321?
True
Does 118 divide 19547172?
True
Is 4194716223 a multiple of 9407?
False
Does 20 divide 474779056?
False
Is 11653864 a multiple of 8?
True
Is 861052407 a multiple of 27?
False
Does 40 divide 900845250?
False
Is 21 a factor of 941638607?
False
Is 26 a factor of 799571000?
False
Is 112 a factor of 20377280?
True
Is 36551592 a multiple of 198?
True
Is 25 a factor of 151315095?
False
Is 2127141296 a multiple of 783?
False
Is 48134975 a multiple of 161?
True
Does 116 divide 103669896?
True
Does 4 divide 15207213?
False
Is 1951 a factor of 32497807?
True
Does 6 divide 122711274?
True
Does 35 divide 57783845?
True
Is 305 a factor of 6154628?
False
Does 11 divide 147967215?
True
Is 2046 a factor of 113007761?
False
Does 53 divide 16412366?
False
Is 42 a factor of 895332789?
False
Is 2813 a factor of 61205254?
True
Is 25 a factor of 37574308?
False
Is 190977728 a multiple of 544?
True
Is 238 a factor of 49146524?
True
Does 3 divide 112939038?
True
Is 66 a factor of